ided by 2/(-6)*(o - 64)?
17
Let d be (-1)/(-6) + (-4)/48*-4234. Let l = d + -118. What is the remainder when l is divided by 59?
58
Let b be (28/98)/(4/(-1 - -197)). Calculate the remainder when (89/(-2))/((-1)/2) is divided by 184/b + (-53)/371.
11
Suppose -7*w = 12 - 54. Suppose w*j + 377 - 551 = 0. Calculate the remainder when 55 is divided by j.
26
Suppose 0 = 7*a - 3*l - 1014, 0 = -4*l - 2 + 22. Calculate the remainder when 187 is divided by a.
40
Let w(f) = -f**3 + 8*f**2 - f + 8. Let j be w(8). What is the remainder when 98 is divided by ((j - 2) + (-69)/3)/(-1)?
23
Calculate the remainder when 1363 - (266/76)/(14/12) is divided by 91.
86
Let x(y) = 79*y**2 - 3*y + 3. Let p be x(2). Suppose p = 4*u - 135. Calculate the remainder when 37 is divided by u/24*(-60)/(-14).
17
Let a = 7858 - 3923. What is the remainder when a is divided by 12?
11
Let a = -10 + 22. What is the remainder when 47 is divided by (-3 + 78/a)*2?
5
Let n(x) be the second derivative of -2*x**3 + 51*x**2/2 - 5*x - 2. Calculate the remainder when n(-12) is divided by 28.
27
Suppose 9*s + 2*x = 11*s - 46, 3*s - 2*x - 64 = 0. Calculate the remainder when 714 is divided by s.
12
Suppose 0 = 9*j - 197 - 307. Suppose -b - y = -106, -37*b + 3*y - 540 = -42*b. Calculate the remainder when b is divided by j.
55
Suppose -4*n = -w - 2*w + 159, -n - 3 = 0. Let h = -47 + w. Suppose t - 48 = h*a, -t + 2*a - 32 = -2*t. What is the remainder when t is divided by 22?
18
Suppose 2*f - 14 = g, -5*g = -4*f + 5*f - 18. Suppose -42 + 2 = -f*u. What is the remainder when 213 is divided by u?
3
Let n be 98/14*4*(-2)/(-8). Suppose n*a = 16*a - 171. What is the remainder when a is divided by 8?
3
Calculate the remainder when 5096 is divided by (77 - 64) + (3 - 5/5).
11
Suppose -265 = -32*o + 855. Calculate the remainder when 6227 is divided by o.
32
Let f(u) = -u**2 + 27*u + 101. Calculate the remainder when f(26) is divided by (-4 + (-154)/(-6))*3.
62
Calculate the remainder when (-4123)/(-14) - (-14)/4 is divided by 2.
0
Suppose 0 = 4*z + 32 + 60. Let j = -2 - z. Calculate the remainder when (-712)/(-14) + 3/j is divided by 26.
25
Let t(c) = -24*c**3 - 2*c - 2. What is the remainder when t(-2) is divided by 1*(-16 + 13) + 23?
14
Let b(w) = -11*w - 2. Suppose h - 1114 = -4*i, 9*i - 1899 - 605 = -h. What is the remainder when i is divided by b(-2)?
18
Let d be ((-3)/(-15))/((-7)/(-175)). Suppose 0*o - 10 = -w + 5*o, -5*w = -d*o - 50. Suppose w*t - 7*t = 15. What is the remainder when 23 is divided by t?
3
Let s(h) = 2*h**3 + 22*h**2 - 5*h + 62. Calculate the remainder when 1516 is divided by s(-11).
112
Let k = -30971 - -31009. What is the remainder when 11777 is divided by k?
35
Suppose 0 = -2*w - 2*c + 136, -6*w = -11*w + 3*c + 300. Calculate the remainder when 503 is divided by w.
62
Let t be ((-3)/(-3))/(1/(-3)). Calculate the remainder when 155 is divided by ((-12)/t)/(-4) + 35 + 5.
38
Calculate the remainder when (26 + (-740 - 22))*(-2)/4 is divided by 95.
83
Calculate the remainder when 4911 is divided by -1 - ((-7196)/91 + 4/52).
75
Let q(j) = j + 21. Let v be (0/(-86))/(1 + (1 - 1)). What is the remainder when 144 is divided by q(v)?
18
Let y(p) = -93*p + 3. Let d be y(8). Let l = -1227 - d. Calculate the remainder when (-5)/(-2)*l/(-45) is divided by 8.
3
Suppose 4*f = 8 - 0. Suppose 2*x + f*h + 74 = 0, -2*h + 12 = x + 44. Let o = x - -57. What is the remainder when 27 is divided by o?
12
Let o(g) = -3*g + 8. Let k be o(5). Let c be 2/k - (-437)/133. Suppose -2*f + 106 = 5*i + 2*f, -c*f - 3 = 0. What is the remainder when i is divided by 15?
7
Suppose -23*h - 402 = -29*h. Calculate the remainder when 498 is divided by h.
29
Let b(t) = -t**2 - 14*t - 25. Let r be ((-8)/(-6))/(18/6723). Suppose -4*c + r = 2*c. What is the remainder when c is divided by b(-8)?
14
Suppose -173*g = -172*g + 344. Let x = g - -377. What is the remainder when 525 is divided by x?
30
Suppose 0 = 4*b - 4*l - 0*l, 5*b + 4*l = 18. Suppose 100 = b*g - q, 259 = 5*g + 2*q - 0*q. Calculate the remainder when 61 is divided by g.
10
Let k(g) = -19*g + 68. Suppose -12 = -2*r - 2*f + 2, 13 = -r + 4*f. Calculate the remainder when 208 is divided by k(r).
10
Suppose -5*m - 1 = -r, 3*m - 2*m - 67 = -3*r. What is the remainder when 550 is divided by r?
4
Suppose 340*u + 57*u = 60*u + 4044. What is the remainder when 358 is divided by u?
10
Let i = -5718 - -8047. Calculate the remainder when i is divided by 19.
11
Suppose -7*u - 6511 = -6945. Let b = 60 - 54. What is the remainder when u is divided by b?
2
Let c be 16/9 + (-34)/(-153). Suppose -c*o - 39 = 29. Let p = -1 - o. What is the remainder when 63 is divided by p?
30
Suppose 0 = -5*k + 37*g - 41*g + 266, -k + g = -46. What is the remainder when 798 is divided by k?
48
Let m = 4224 + -3318. What is the remainder when m is divided by 35?
31
What is the remainder when 1716 is divided by (-7 - 1159/(-152))/((-2)/(-80))?
16
Suppose q - 5*d - 49 = 0, 3*q - 15 = 7*d + 92. Calculate the remainder when 3981 is divided by q.
21
Let z be ((-836)/10)/((-41)/(-5) - 8). Let n = 617 + z. What is the remainder when n is divided by 8?
7
Suppose -81 - 108 = -3*y. Let h = 54 + y. What is the remainder when h is divided by 10?
7
Let t(r) = 5*r - 17*r + 3*r + 5*r + 57. Calculate the remainder when t(-17) is divided by 43.
39
Let n = -8135 + -15867. What is the remainder when n/(-77) + 4/14 is divided by 35?
32
Suppose 8*f - 12*f + 186 = -5*k, -2*f - 94 = 3*k. Let l = k - -132. Calculate the remainder when l is divided by 10.
8
Let y = -6678 - -6920. Calculate the remainder when 618 is divided by y.
134
Let u(c) = -20*c + 20. Let m be u(7). Let r = m - -73. Let l = -20 - r. What is the remainder when 52 is divided by l?
25
Calculate the remainder when 1818/(-4)*(-80 + 78) is divided by 201.
105
Let o(w) = 17*w**2 - 12*w - 4. Calculate the remainder when o(6) is divided by 176.
8
Let h = 115 - 109. Let d(a) = 21*a + 27. Let j be d(h). Suppose -15 = 5*p, -3*o + 0*o = 2*p - j. What is the remainder when o is divided by 21?
11
Suppose 17*t - 137766 = 76485. What is the remainder when t is divided by 46?
45
Suppose -92*s + 2*r = -95*s + 209, s - 3*r - 77 = 0. What is the remainder when 4116 is divided by s?
69
Let s(w) = 25*w - 1. Let n = 900 + -865. Suppose 32*v = n*v + 2*z - 60, -100 = -5*v - 4*z. What is the remainder when s(3) is divided by v?
14
Let y = -3751 - -3907. What is the remainder when y is divided by 20?
16
Calculate the remainder when 1182 is divided by ((-7)/(-14))/((-2)/(-3))*788.
0
Let y(q) = -q**3 + 23*q**2 + 570*q + 38. What is the remainder when 3796 is divided by y(38)?
34
Let c = 24437 + -22962. Calculate the remainder when c is divided by 7.
5
Let z(m) = -m**3 + 27*m**2 - 3*m + 94. Let o be z(27). Suppose -12*x = -o*x + 27. What is the remainder when 184 is divided by x?
22
Suppose 15*s = 14*s + 4. Suppose 20 + 12 = s*m. Let g = m - -18. Calculate the remainder when 127 is divided by g.
23
Let v be (-44)/(-110) + (-3)/(-5). Let w(t) = 9*t**3 - 4*t**2 + 9*t - 4. Let x(f) = f**3 - 6*f**2 + 5*f - 4. What is the remainder when x(6) is divided by w(v)?
6
Calculate the remainder when (-1)/(218/(-54) + 4) is divided by 69/(-161)*7/(-1).
0
Suppose 703 = 75*d + 253. What is the remainder when 464 is divided by d?
2
Let n = -293 + 161. Calculate the remainder when 36 is divided by n/(-8)*(-12)/(-18).
3
Calculate the remainder when 2909 is divided by -3*7/21*-71*(-4)/(-4).
69
Let n(p) = 7*p**2 - 36*p + 7. Let i be n(5). Suppose -84 = -4*c - i*c. What is the remainder when 20 is divided by c?
6
Suppose -2925 = 4*d - 19*d. Suppose 0 = -2*x - 3*a + 41, 2*x + 3*a + 2*a - 31 = 0. Calculate the remainder when d is divided by x.
27
Let u(p) = 2*p**2 - 13*p - 14. Let s be u(7). Calculate the remainder when (-3 + -9)*s/3 is divided by 16.
12
Let u(a) = -a**3 + 123*a**2 + 268*a - 749. What is the remainder when u(125) is divided by 32?
29
Let v(n) = 143*n**2 - n. Let w be v(1). Let h = 7002 - 7000. Suppose 10*o - w = -h. What is the remainder when 138 is divided by o?
12
Suppose -2*d + 1013 + 2687 = -2*r, 9286 = 5*d + 4*r. Calculate the remainder when d is divided by 40.
14
Let q(n) = -110*n - 417. What is the remainder when 502 is divided by q(-4)?
19
Suppose -830 = -5*v - 644*f + 646*